**2 + 149*h + 21. Calculate j(-18).
-69
Let k(j) = j**3 - 73*j**2 - 231*j + 235. Determine k(76).
7
Let m(l) = l**2 + 13*l + 75. Calculate m(-11).
53
Let w(f) = -2*f**3 + 9*f**2 - 114*f - 267. Determine w(-2).
13
Let s(l) = l**3 - 6*l**2 - 11*l + 26. Give s(4).
-50
Let b(o) = -o**3 - 116*o**2 + 113*o - 464. What is b(-117)?
4
Let g(l) = 2345*l + 14051. What is g(-6)?
-19
Let j(d) = 739*d + 3568. What is j(-5)?
-127
Let s(t) = -32*t**3 - 251*t**2 + 62*t + 165. Give s(-8).
-11
Let i(j) = j**3 - 11*j**2 + 112. Determine i(-3).
-14
Let v(t) = 662*t + 4596. What is v(-7)?
-38
Let l(r) = 16*r**2 + 141*r - 21. Give l(-9).
6
Let z(b) = b**3 - 90*b**2 + 30*b + 5251. Calculate z(89).
0
Let p(q) = 4*q**3 + 35*q**2 + 11*q - 26. Calculate p(-8).
78
Let s(t) = 18*t**2 + 186*t + 409. What is s(-3)?
13
Let k(y) = -y**2 + 30*y + 62. Give k(36).
-154
Let j(p) = -p**2 + 92*p + 4939. Give j(-38).
-1
Let d(b) = b**2 - 84*b + 778. Determine d(63).
-545
Let o(h) = 2*h**3 - 73*h**2 + 170*h + 10. Calculate o(34).
10
Let u(z) = 9037*z + 18103. Calculate u(-2).
29
Let i(z) = z**3 - 60*z**2 + 900*z - 39. Determine i(31).
-8
Let s(t) = -11*t**2 + 131*t - 394. Give s(6).
-4
Let o(h) = h**3 + 9*h**2 - 42*h - 264. Calculate o(-6).
96
Let x(b) = b**2 + 244*b - 1753. What is x(7)?
4
Let i(h) = 4*h**2 + 93*h + 438. Calculate i(-6).
24
Let g(r) = 14*r**2 - 4*r - 5. Determine g(4).
203
Let w(z) = 10*z**2 - 10*z + 17. Give w(1).
17
Let r(k) = 3*k**2 + 82*k - 970. Calculate r(9).
11
Let a(h) = 10*h**2 + 151*h + 37. Give a(-15).
22
Let z(g) = -4*g - 110. Determine z(-22).
-22
Let p(r) = -23*r**2 - 124*r - 245. Determine p(-2).
-89
Let b(m) = 55*m**3 - m**2 + 4*m - 4. Calculate b(1).
54
Let p(f) = 110*f**3 + 223*f**2 - f + 7. Give p(-2).
21
Let b(o) = -o**3 - 5*o**2 + 271*o + 1360. Give b(-5).
5
Let y(r) = r**2 + 3*r + 11. What is y(-2)?
9
Let i(b) = -b**3 - 85*b**2 + 161*b - 1118. What is i(-87)?
13
Let z(x) = -2*x**2 - 250*x - 2314. What is z(-10)?
-14
Let u(x) = -40*x + 1308. Determine u(33).
-12
Let w(g) = 4*g**2 - 9*g - 47. Give w(-3).
16
Let g(q) = -q**3 - 23*q**2 + 36*q + 45. What is g(-24)?
-243
Let y(d) = -1033*d + 8337. Give y(8).
73
Let n(r) = 51*r**3 + 460*r**2 + 33*r + 216. What is n(-9)?
0
Let h(k) = 5*k**3 + 60*k**2 - 64*k - 43. What is h(-13)?
-56
Let q(g) = 647*g - 14222. Determine q(22).
12
Let s(f) = 5*f**3 + 56*f**2 + 151*f + 33. Determine s(-7).
5
Let q(z) = -5*z**2 + 2*z + 16. Calculate q(-6).
-176
Let t(h) = -252*h - 1434. Give t(-6).
78
Let x(i) = -41*i + 1209. What is x(29)?
20
Let x(v) = -5*v**2 + 292*v + 6227. Determine x(75).
2
Let h(q) = -q**3 + 44*q**2 + 7*q - 175. What is h(44)?
133
Let j(z) = 13*z + 233. What is j(-21)?
-40
Let p(x) = 8883*x + 44415. What is p(-5)?
0
Let h(y) = -y**3 + 23*y**2 + 59*y - 207. Give h(25).
18
Let u(w) = -9*w**2 - 9*w - 18. Calculate u(-7).
-396
Let f(r) = 6*r**2 - 24*r + 20. Give f(3).
2
Let l(s) = -s**2 - 27*s - 491. What is l(-22)?
-381
Let x(c) = -2959*c - 82845. What is x(-28)?
7
Let t(l) = -l**3 + 26*l**2 - 151*l - 160. Determine t(11).
-6
Let r(k) = -204*k + 7. What is r(0)?
7
Let k(z) = -1362*z + 14985. Calculate k(11).
3
Let w(c) = -507*c + 14701. Give w(29).
-2
Let r(g) = 3*g**3 - 19*g**2 - 4*g - 14. Give r(6).
-74
Let m(u) = -3*u - 144. Determine m(-40).
-24
Let t(a) = a**3 - 10*a**2 - 162*a + 10. What is t(-8)?
154
Let j(q) = -89*q + 70. Calculate j(3).
-197
Let k(s) = 2*s**2 - 64*s - 180. What is k(-3)?
30
Let t(f) = f**3 - 16*f**2 - 110*f + 1886. What is t(13)?
-51
Let d(f) = -2*f - 200. Determine d(-101).
2
Let z(m) = -m**2 - 82*m - 1244. Determine z(-20).
-4
Let n(w) = -w**2 + 91*w - 532. Calculate n(7).
56
Let h(v) = -v**2 + 82*v - 1250. Calculate h(58).
142
Let i(g) = 27*g - 1075. What is i(39)?
-22
Let g(c) = -50*c**2 - 201*c - 200. Give g(-1).
-49
Let s(v) = -v**2 - 268*v + 1902. Give s(7).
-23
Let o(z) = 751*z + 70. Calculate o(1).
821
Let a(g) = g**2 + 13*g - 255. Determine a(-25).
45
Let y(i) = -117*i - 8159. Calculate y(-70).
31
Let g(x) = -x**3 - 69*x**2 - 1168*x + 56. Calculate g(-39).
-22
Let k(z) = -4909*z + 9809. Give k(2).
-9
Let i(p) = 7*p**2 - 17*p + 269. Determine i(8).
581
Let q(x) = x**3 - 42*x**2 - x + 114. What is q(42)?
72
Let g(t) = 3*t**2 + 43*t + 56. Give g(-22).
562
Let f(n) = n**2 - 21*n - 194. Calculate f(27).
-32
Let p(r) = 2*r**2 - r - 66. Determine p(-7).
39
Let k(w) = -17*w + 498. Give k(29).
5
Let o(m) = 1760*m - 42218. Determine o(24).
22
Let t(i) = 4*i - 181. Determine t(6).
-157
Let a(n) = -24*n + 1083. Calculate a(45).
3
Let b(k) = k**3 + 13*k**2 + 30*k - 62. What is b(-9)?
-8
Let n(r) = 109*r + 2396. Determine n(-21).
107
Let p(v) = 3*v**3 + 223*v**2 - 153*v - 224. Give p(-75).
1
Let i(r) = 4*r**3 + 27*r**2 - 14*r - 63. Give i(-7).
-14
Let m(n) = 5*n**2 - 717*n + 284. Determine m(143).
-2
Let n(q) = 3*q**2 - 153*q + 1020. What is n(8)?
-12
Let l(t) = -t**3 + 15*t**2 - 30*t + 234. Determine l(13).
182
Let v(j) = -j**3 + 106*j**2 - 101*j - 626. Determine v(105).
-206
Let j(n) = n**3 + 19*n**2 + 91*n + 45. Give j(-12).
-39
Let r(o) = -o + 117. What is r(44)?
73
Let c(k) = k**3 + 9*k**2 - 17*k - 69. What is c(-10)?
1
Let t(p) = -3*p**2 - 3577*p + 7157. What is t(2)?
-9
Let y(q) = 3*q**2 - 39*q - 1338. Calculate y(-18).
336
Let w(b) = 3*b**2 + 9*b - 32. Determine w(3).
22
Let p(o) = -10*o - 176. Calculate p(-57).
394
Let c(j) = 5*j**3 + 8*j**2 + 8*j - 14. Calculate c(1).
7
Let k(s) = 7*s + 920. Give k(-124).
52
Let a(y) = y**2 + 54*y + 314. What is a(-47)?
-15
Let x(c) = -37*c - 586. Give x(-16).
6
Let n(a) = 554*a + 1609. What is n(-3)?
-53
Let w(g) = 52*g**3 - 885*g**2 + 20*g - 43. Calculate w(17).
8
Let x(t) = -t**2 - 155*t - 593. What is x(-4)?
11
Let v(g) = g**2 - 796*g + 11719. Calculate v(15).
4
Let q(m) = 2*m**2 + 57*m - 937. Determine q(-40).
-17
Let c(h) = h**2 - 8*h - 24. Give c(8).
-24
Let o(x) = 55*x - 25. What is o(0)?
-25
Let n(o) = -o**3 + 39*o**2 + o + 3. Determine n(39).
42
Let c(o) = -2*o**2 + 199*o - 859. Determine c(95).
-4
Let q(u) = -u**2 + 25*u + 73. Determine q(28).
-11
Let x(t) = t**3 - 10*t**2 - 26*t + 75. Determine x(12).
51
Let c(y) = 50*y + 83. What is c(-8)?
-317
Let p(n) = 2*n**2 + 45*n + 119. What is p(-3)?
2
Let z(d) = -4*d**3 - 56*d**2 + 2*d + 20. Calculate z(-14).
-8
Let h(y) = 3*y**2 - 25*y + 14. Calculate h(8).
6
Let a(b) = -b**3 - 13*b**2 + 59*b + 281. Determine a(-15).
-154
Let b(n) = -n**3 + 40*n**2 - 35. Determine b(40).
-35
Let m(c) = c**2 + 247*c - 5405. Give m(20).
-65
Let b(h) = h**3 + 9*h**2 + 37*h + 117. What is b(-4)?
49
Let r(c) = c**3 + 41*c**2 + 7*c + 233. Determine r(-41).
-54
Let m(k) = k**2 + 124*k - 118. Calculate m(-125).
7
Let j(v) = -2*v**2 + 33*v + 6199. Determine j(-48).
7
Let j(v) = 2*v**2 - 24*v + 142. What is j(19)?
408
Let c(l) = 13*l**3 - 5*l**2 - 313*l - 924. What is c(-3)?
-381
Let b(i) = 1544*i + 20077. What is b(-13)?
5
Let u(k) = -137*k + 2461. Determine u(18).
-5
Let p(x) = 8*x - 221. Calculate p(34).
51
Let b(l) = -3*l**2 - 174*l + 352. Calculate b(2).
-8
Let k(t) = 21*t + 443. What is k(-20)?
23
Let u(y) = 6*y**2 - 219*y + 313. Determine u(35).
-2
Let m(i) = -17*i - 459. Calculate m(-14).
-221
Let f(r) = 2055*r + 12240. Determine f(-6).
-90
Let u(w) = -w**2 - 20749*w + 103779. Determine u(5).
9
Let d(r) = -41*r**2 - 303*r + 1. Give d(-6).
343
Let p(j) = j**2 - 35*j - 10. Determine p(35).
-10
Let x(i) = -2*i**3 - 8*i**2 + 147*i + 48. Calculate x(7).
-1
Let w(k) = -k**3 - 3*k**2 + 4*k - 29. Determine w(-6).
55
Let i(y) = -2*y**2 + 38*y - 55. Determine i(21).
-139
Let n(c) = -c**3 - 9*c**2 + 4*c - 32. Give n(-9).
-68
Let s(r) = r**3 + 6*r + 23. Determine s(-2).
3
Let m(z) = -12*z**2 + 200*z + 986. Calculate m(-4).
-6
Let h(t) = 2*t**3 + 27*t**2 + 94*t + 1160. Give h(-13).
107
Let x(r) = 3*r**3 + 153*r**2 - 156*r - 15. Determine x(-52).
-15
Let i(m) = -m**2 + 408*m + 9912. Determine i(-23).
-1
Let d(k) = -51*k**3 - 7*k**2 + 4*k + 11. What is d(2)?
-417
Let x(a) = -5*a + 232. Determine x(0).
232
Let i(z) = -381*z - 1567. Give i(-4).
-43
Let g(v) = -27*v - 310. Give g(-13).
41
Let f(o) = -o**3 - 37*o**2 + 81*o + 102. Give f(-39).
-15
Let d(s) = s**3 - 76*s**2 + 477*s + 40. Determine d(7).
-2
Let y(q) = -q**2 - 172*q - 676. What is y(-4)?
-4
Let m(f) = 44*f + 899. Determine m(-20).
19
Let m(w) = -36*w + 1